?
False
Is 244621241 a prime number?
True
Is 143595569 prime?
False
Is 202261 a composite number?
True
Is 670597 prime?
True
Is 5538749 a prime number?
True
Is 681031 a prime number?
False
Is 14760191 composite?
True
Is 5911027 prime?
True
Is 8220713 prime?
True
Is 14766643 prime?
False
Is 6789443 composite?
True
Is 7942577 a composite number?
True
Is 107067967 prime?
False
Is 319473181 prime?
True
Is 66791063 a prime number?
False
Is 2925613 composite?
False
Is 185499227 a composite number?
False
Is 945187 a prime number?
False
Is 690227 composite?
True
Is 40701433 a composite number?
False
Is 71717181 a composite number?
True
Is 536323 a composite number?
False
Is 11259019 a prime number?
True
Is 10168153 prime?
True
Is 97718389 a composite number?
False
Is 87206479 composite?
True
Is 32628859 a prime number?
True
Is 2967637 prime?
True
Is 8751371 prime?
True
Is 1836082 prime?
False
Is 16820489 prime?
False
Is 7354801 a prime number?
True
Is 15392491 a prime number?
False
Is 19653143 a composite number?
False
Is 31029437 a prime number?
False
Is 26146931 a prime number?
True
Is 42282217 composite?
True
Is 966799 prime?
False
Is 1903103 composite?
False
Is 2722619 a prime number?
True
Is 121786961 composite?
False
Is 2154683 composite?
False
Is 31865 composite?
True
Is 38876707 a composite number?
False
Is 188924977 a prime number?
True
Is 7239865 composite?
True
Is 1288537 composite?
True
Is 246265511 a composite number?
False
Is 293272873 composite?
True
Is 1017007 a composite number?
False
Is 239174801 composite?
False
Is 771876779 a composite number?
False
Is 288405179 a composite number?
False
Is 71202167 a prime number?
True
Is 7349003 prime?
True
Is 5603551 a composite number?
False
Is 361323581 a prime number?
False
Is 37013219 prime?
True
Is 291180895 a composite number?
True
Is 3051002 prime?
False
Is 15917059 composite?
False
Is 163963109 composite?
False
Is 15613669 a composite number?
False
Is 11705891 prime?
True
Is 192831887 prime?
True
Is 92623997 a composite number?
False
Is 2948909 a prime number?
True
Is 1105997 a composite number?
False
Is 19957867 a prime number?
False
Is 21970297 a prime number?
True
Is 245138794 prime?
False
Is 137969098 a composite number?
True
Is 13689031 prime?
True
Is 4484173 a prime number?
False
Is 114353201 a composite number?
False
Is 1111197 a composite number?
True
Is 750151 prime?
True
Is 478431101 composite?
False
Is 751043 composite?
True
Is 33909667 prime?
False
Is 13119319 composite?
False
Is 3348073 composite?
True
Is 3315001 a composite number?
False
Is 59049541 a prime number?
True
Is 7408933 prime?
False
Is 274783177 a composite number?
False
Is 59381939 a prime number?
True
Is 2916383 composite?
False
Is 370519957 a composite number?
False
Is 38941873 prime?
True
Is 420849197 prime?
True
Is 90887297 composite?
False
Is 1640704027 composite?
False
Is 641933 a prime number?
False
Is 114196246 prime?
False
Is 131499649 a composite number?
False
Is 272909111 a prime number?
False
Is 2149873 a prime number?
False
Is 7358611 a prime number?
False
Is 53865653 prime?
False
Is 2725081 prime?
False
Is 3044894 composite?
True
Is 51479167 prime?
False
Is 8697433 a composite number?
False
Is 6826519 composite?
True
Is 6994393 a composite number?
True
Is 41712661 a composite number?
False
Is 828829 prime?
True
Is 415785179 prime?
True
Is 52585747 a prime number?
False
Is 37389305 a composite number?
True
Is 12276581 prime?
True
Is 990485 composite?
True
Is 20288669 a prime number?
False
Is 8282357 composite?
False
Is 2193167 a composite number?
False
Is 264962089 prime?
False
Is 16668487 composite?
True
Is 3464291 composite?
False
Is 1182847 composite?
False
Is 1150511 prime?
True
Is 40016891 a composite number?
False
Is 2402567 a prime number?
True
Is 501224567 composite?
False
Is 155600045 prime?
False
Is 42046535 a composite number?
True
Is 1584773 a composite number?
True
Is 18177827 composite?
True
Is 408066763 composite?
True
Is 8267747 a prime number?
True
Is 80127041 a prime number?
True
Is 56506729 a composite number?
True
Is 10866059 a composite number?
False
Is 14200423 a composite number?
True
Is 74661837 prime?
False
Is 151576673 prime?
True
Is 16889735 a prime number?
False
Is 100483 a prime number?
True
Is 559807 a prime number?
True
Is 21340789 prime?
False
Is 2379635 prime?
False
Is 10180103 a prime number?
False
Is 398771 a composite number?
False
Is 26784853 prime?
True
Is 65854493 prime?
True
Is 35886703 prime?
False
Is 23528443 a composite number?
False
Is 142403 a prime number?
True
Is 57332039 composite?
False
Is 459307 composite?
True
Is 537036679 prime?
True
Is 39253127 composite?
True
Is 106643 composite?
True
Is 9589667 prime?
True
Is 108579751 a composite number?
True
Is 58304189 a composite number?
True
Is 484009 prime?
False
Is 130479719 prime?
True
Is 97804921 a composite number?
False
Is 68760607 prime?
False
Is 19137197 a prime number?
False
Is 23217709 a prime number?
True
Is 57579421 a composite number?
False
Is 406583 a composite number?
False
Is 24085 a prime number?
False
Is 174117149 prime?
True
Is 494591 prime?
True
Is 20173583 a prime number?
True
Is 2566901 a prime number?
False
Is 2948719 a prime number?
False
Is 5379859 a composite number?
True
Is 3578494 prime?
False
Is 7393315 a prime number?
False
Is 1326023 composite?
True
Is 5854123 a prime number?
False
Is 12076727 a composite number?
True
Is 118581941 a composite number?
False
Is 1823977 a composite number?
True
Is 7002662 composite?
True
Is 156082889 a composite number?
False
Is 127232179 composite?
False
Is 21348605 a composite number?
True
Is 491269 a prime number?
False
Is 31297703 composite?
False
Is 10851923 a prime number?
False
Is 68777389 composite?
False
Is 135109454 a prime number?
False
Is 144103 prime?
True
Is 531274661 a composite number?
True
Is 1323123971 a composite number?
True
Is 1288319 prime?
False
Is 23142653 a prime number?
False
Is 1641683 a composite number?
True
Is 3208271 a prime number?
False
Is 3875149 a prime number?
False
Is 14564651 a composite number?
False
Is 2898226 prime?
False
Is 21509701 composite?
False
Is 3128003 prime?
False
Is 1973333 composite?
True
Is 118448837 prime?
False
Is 3432139 composite?
True
Is 821243117 composite?
False
Is 3355951 a prime number?
False
Is 23825993 prime?
False
Is 527123 composite?
False
Is 123196813 composite?
True
Is 832837 composite?
False
Is 13069537 a composite number?
True
Is 2515817 composite?
False
Is 12703651 a prime number?
True
Is 76228259 a prime number?
True
Is 147991 prime?
False
Is 833243 a composite number?
True
Is 870168149 prime?
True
Is 221693713 composite?
False
Is 134984197 a prime number?
True
Is 386331553 a composite number?
True
Is 1109431 a prime number?
True
Is 1769237 a prime number?
False
Is 2979439 a composite number?
False
Is 85900909 a prime number?
False
Is 2785577 composite?
False
Is 23961073 prime?
True
Is 40352953 composite?
False
Is 6498901 composite?
False
Is 170192657 a composite number?
True
Is 10946989 composite?
False
Is 35019053 a composite number?
False
Is 18452627 a composite number?
False
Is 10692719 a prime number?
True
Is 72932371 a prime number?
False
Is 6685633 a prime number?
True
Is 1210499 prime?
True
Is 7222961 composite?
True
Is 344479 a prime number?
True
Is 151386838 composite?
True
Is 9548421 a prime number?
False
Is 712506989 a prime number?
True
Is 18425689 a composite number?
False
Is 10586269 prime?
True
Is 1283747 composite?
True
Is 1064087 a prime number?
True
Is 13221427 a prime number?
False
Is 31950917 prime?
True
Is 736078939 a composite number?
True
Is 328402883 composite?
False
Is 2796191 a prime number?
False
Is 484483 a composite number?
True
Is 212710811 prime?
True
Is 338033 composite?
False
Is 78188471 prime?
True
Is 565476935 composite?
True
Is 2149467317 a prime number?
True
Is 1930039 prime?
False
Is 1693901 a prime number?
False
Is 14793767 a prime number?
False
Is 245486279 prime?
True
Is 133759387 a composite number?
False
Is 4746863 a prime number?
False
Is 1297057 a composite number?
False
Is 1537477 prime?
False
Is 6366791 composite?
True
Is 20063579 composite?
False
Is 442379 prime?
False
Is 3974151 a composite number?
True
Is 628006579 comp